se
Is -3 - 2*9/(-6) - -6403 a prime number?
False
Suppose 18 = 4*o + 38. Is (-1 - 559*-5)*o/(-10) prime?
False
Suppose 0 = 2*z - 4*s - 20, -15 = 5*s + 5. Suppose 215 = 4*w - 141. Suppose 0 = -4*a - z*i + 1397 + w, -a + 385 = -4*i. Is a composite?
False
Suppose -3*w - 5*h + 4 = -h, 0 = 4*w + 5*h - 6. Suppose 0 = 3*l - f - 3*f + 16, -l + 3*f = 7. Is 80 - (-3)/w*l composite?
True
Let w = 38 - 34. Suppose 9*a = w*a + 1270. Is a prime?
False
Let r(q) = -q**3 + 17*q**2 + 16*q + 41. Let x be r(18). Suppose x*d - 2*d + 5*b = 4975, -2*d - 4*b = -3318. Is d a composite number?
True
Let c = -14 + 7933. Is c a prime number?
True
Let k(v) = -13*v**3 - 45*v**2 - 29. Let q(a) be the second derivative of 3*a**5/20 + 11*a**4/12 + 7*a**2/2 - a. Let d(z) = 2*k(z) + 9*q(z). Is d(-6) composite?
False
Suppose 0*y - 1 = -3*y - 4*c, 3*y - 5*c - 19 = 0. Let h = 1289 - 661. Suppose -y*n + h = n. Is n a composite number?
False
Let y(c) = 47*c**3 + 276*c**3 + 59*c**2 - 57*c**2 - c. Let w be y(1). Let h = w - 101. Is h prime?
True
Suppose -7*j - 1 + 22 = 0. Suppose -6054 = j*p - 9*p. Is p prime?
True
Let d = 14730 - 8923. Suppose 762 = -5*o + d. Is o a prime number?
True
Suppose 0 = -4*g, -4*z - 4*g = 2116 - 200. Let h = 812 + z. Suppose h = 5*m - 137. Is m a composite number?
True
Suppose 3 = 25*l - 24*l. Suppose c - l*o = 5*c - 12979, 16232 = 5*c + o. Is c composite?
True
Let p = 8 + -5. Let u be (p - (-1068)/(-3))/(-1). Let x = u - 204. Is x composite?
False
Is (23487/18)/(10/60) a composite number?
False
Suppose -5*u + 8*u = -29799. Let b = u + 3474. Is 1*b*5/(-15) a composite number?
False
Let o(j) be the second derivative of 43*j**5/20 - j**4/12 - 5*j**3/3 + 11*j**2/2 + j + 11. Is o(3) prime?
False
Suppose 802*a - 795*a = 22435. Is a a prime number?
False
Suppose 4*m - 18133 = -3*x, -2*x + 3*m + 11028 = -1072. Is x a prime number?
True
Let t(i) = -i + 10. Let k be t(8). Suppose -k*h - 2*h = 3*v + 166, 4*v + 238 = -2*h. Is ((v*1)/2)/(-1) a composite number?
False
Suppose -2*l + 21 = -l + 2*t, 3*l - 2*t - 31 = 0. Is (-3 - 56690/(-65)) + (-2)/l composite?
True
Let s = -139673 + 307966. Is s composite?
False
Let x(s) = 3*s - 3. Let b be x(-2). Is (-1335)/5*6/b a prime number?
False
Suppose -4*p = -2*l - 28610, 0 = -l + 3*p - 18555 + 4250. Is l/(-15) + 2/(-3) a prime number?
True
Let x(k) = 42*k - 3. Let t be x(9). Suppose 2*p + d - 14 = -3*p, 5*d + 14 = 3*p. Suppose -p*y = 2*q - t - 1054, -2*q + 1439 = 5*y. Is q a composite number?
True
Is 96/144 - (1 - (-1690)/(-3)) composite?
False
Is 2278926/(-156)*(-3)/((-9)/(-2)) prime?
True
Let s be -3 - 1*-6 - 204. Let t = 377 + s. Let p = t - 89. Is p a composite number?
True
Let t(b) = -16*b**2 - 9*b + 2. Let n(p) = -53*p**2 - 28*p + 7. Let z(m) = 3*n(m) - 10*t(m). Let l = 51 + -31. Is z(l) prime?
True
Let f be -420*(6/9)/(12/(-9)). Let g = f - 131. Is g a composite number?
False
Let b = 7 + -27. Let i be (18/15)/(2/b). Let c = i - -45. Is c a prime number?
False
Let s = 68 - -1463. Is s prime?
True
Let b be 4 + (0 - 0) + -1. Suppose -5*i - 2 = -3*m, -b*i - 2*i - m = -14. Is 299/2*i/1 prime?
False
Let l(y) = y**2 + y - 7. Let j be l(-5). Suppose 10*a = j*a - 3186. Let k = a - 541. Is k a prime number?
True
Let d = -390 - -941. Is d composite?
True
Let k be 1 + (-1 - -3)*2. Suppose -k*m + 752 = -m. Suppose -3*a = 2*a + 5*o - 235, 5*o = 4*a - m. Is a prime?
True
Let q(w) = -3541*w**2 + 5*w + 6. Let r be q(-1). Let h = r + 5869. Is h a prime number?
False
Let g = 5686 + -2027. Is g composite?
False
Suppose 0 = 2*b - 3*n - 13821, 0 = 2*b + 5*n - 8128 - 5669. Suppose 4*o = -2*o + b. Is o a composite number?
False
Suppose 3*q - 5*g - 172 = 0, q - 20 = -4*g + 26. Let i be (q - (-2)/1) + 1. Is i/(-2)*8/(-12) composite?
False
Let l(j) = j - 3. Let h(k) = k**3 - 3*k**2 - 4*k + 6. Let f be h(4). Let o be l(f). Suppose -2*y = 4*u - 62, y - o*u - 23 = 8. Is y prime?
True
Let r = -4077 - -12040. Is r a composite number?
False
Let p = -6801 - -9812. Is p composite?
False
Let p(n) = 8*n**2 - 8*n + 13. Let l be p(10). Let h be 4/(-18) + (-12696)/(-27). Let m = l - h. Is m a prime number?
True
Let n be 6/((-4)/(8/3)). Let j be (7 + n)*4/6. Suppose 4*o = -j*h + 92 + 14, 5*o = 0. Is h prime?
True
Let v = 12589 + -18381. Let b = -1639 - v. Is b a composite number?
False
Suppose 2*k - 2*r = -6*r + 70, 176 = 4*k - r. Let n = 56 + 72. Let l = n - k. Is l composite?
True
Let p = -4 - -7. Let t(b) = -4*b**2 + p*b - 11*b - b**3 + 2*b - 6. Is t(-5) a composite number?
True
Suppose 3*w = 6, 5*c - 3*w - 167 = 212. Suppose -o = -72 - c. Is o prime?
True
Let x(q) = 332*q - 10. Let i(y) = 333*y - 9. Let j(z) = -6*i(z) + 5*x(z). Let w be j(2). Is (-2)/6 - w/18 composite?
False
Let p be (6/(-9))/(6/9). Let n be 18/(-3)*(26 - p). Let u = 319 + n. Is u prime?
True
Let a(n) = n**3 + 13*n**2 - 2*n + 93307. Is a(0) composite?
False
Suppose -2*z + 0 = -26. Let v(a) = -5*a**2 + 16*a + 6. Let j(d) = -d**2 + d - 1. Let g(y) = 4*j(y) - v(y). Is g(z) a composite number?
False
Suppose -4*w + 0*w + 53246 = -u, 53252 = 4*w - 4*u. Suppose -s - l + w = 3*s, -3*l = -5*s + 16626. Is s a composite number?
True
Let s(y) = 309*y**3 - y**2 + 1. Suppose 0 = 2*q + 3*i - 5, -2*q + 1 = -3*i + 2. Is s(q) composite?
True
Let t(o) = 13*o - 2. Suppose 0 = f - 2. Let x be t(f). Suppose 0*k - x = -4*k. Is k prime?
False
Suppose 28*l - 70 = 23*l. Suppose 1538 = l*i - 12*i. Is i a prime number?
True
Let i(n) = -16*n**2 - n - 13. Let q(y) = 4*y**2 + 3. Let w(o) = 2*i(o) + 9*q(o). Is w(3) composite?
False
Suppose 1174 = 4*c + 2*q, -3*c + 4*q = -5*c + 602. Suppose 2*b - 71 = -2*o - b, -o - 3*b + 43 = 0. Is (o/(-42))/((-2)/c) a prime number?
True
Let p = -10 + 19. Let g = -7 + p. Let x(d) = 6*d**3 + d**2 + d - 1. Is x(g) a prime number?
True
Let x(z) = -3192*z + 11. Is x(-1) a prime number?
True
Let v(m) = 15*m**3 + 4*m**2 - 2. Is v(5) composite?
False
Let j be 6/(-7)*168/(-36). Suppose 0 = j*k - 3*k - 3377. Is k a composite number?
True
Suppose -2*t = -12 + 2. Suppose -t*l = -3*l - 1378. Is l prime?
False
Let k = 762 - 129. Is k prime?
False
Suppose 3*h - 2988 = -4*m, 4*m - 1786 = h + 1218. Suppose -5*q - b + 929 = -4*b, -4*q + m = b. Is q composite?
True
Suppose -3*q - 2479 = -2*k + 334, -5*k = -4*q - 7015. Is k composite?
False
Let j = 26 + -22. Let k = 4 - j. Suppose k = -5*x + 2*x + 354. Is x a prime number?
False
Let f(h) = 31*h**2 - 45*h - 29. Is f(28) prime?
False
Suppose -37172 = 24*l - 458828. Is l composite?
False
Suppose 6*v = 2*v + 2*a + 68, v + 2*a = 12. Suppose 668 - 209 = -9*y. Let h = v - y. Is h a prime number?
True
Let a = 18 - 15. Suppose 5*d - a*b = 151, 0 = d - 0*d + b - 35. Is (40/d)/((-1)/(-28)) prime?
False
Let z(o) = o - 1. Let h be z(5). Let f(s) = 5*s**3 - s**2 - 5*s + 9. Is f(h) composite?
False
Let d = 14255 - -47598. Is d composite?
True
Let t(b) be the third derivative of 27*b**4/8 + 5*b**3/2 - 4*b**2. Let n be t(-5). Let v = n + 887. Is v a composite number?
True
Suppose 0*j = 3*j + 4*k - 2312, 0 = 4*j + 3*k - 3071. Let s = j - 423. Is s prime?
False
Let m = 10872 - -239. Is m composite?
True
Suppose -b = -3*b + 2770. Is b prime?
False
Let q(k) = 2*k**2 - 7*k. Let x(u) = -3*u + 4. Suppose 12 = 3*h + h. Let f be x(h). Is q(f) prime?
False
Suppose 0 = -28*c + 8*c + 107660. Is c a prime number?
False
Suppose 0 = 7*l - 58566 - 5701. Is l a composite number?
False
Let c(t) = -4461*t + 107. Is c(-2) a prime number?
True
Let w(r) be the third derivative of r**6/120 - r**5/15 - r**4/6 - r**3/6 + 6*r**2. Let b be w(4). Is (29 - 1) + (-14 - b) a prime number?
True
Suppose -8*x = -3*x - 10. Let q = -68 - -228. Is q + 2 + x + -1 a composite number?
False
Suppose 2*c + c = 12. Let s(b) = -10 + 3 + 8 + 2*b**2 + 0. Is s(c) a prime number?
False
Suppose -x = 9 - 9. Suppose -c - 2 - 3 = 0, x = -v - 4*c + 3969. Is v a composite number?
False
Let y(n) be the third derivative of n**4/24 + n**3/2 - 9*n**2. Let z be y(-1). Suppose -2*j = m + z*j - 1141, 0 = -m - j + 1141. Is m a prime number?
False
Let c = -10 + 10. Suppose c = -t - b - 3772, 13 = 4*b - 7. Is t*(4/6 - 1) prime?
True
Let z(g) be the first derivative of g**4/4 + 11*g**3/3 + 7*g**2/2 - 10*g - 2. Suppose -b - 5 = 4. Is z(b) prime?
True
Suppose 0*f - 2*f = -300. Let r = 269 - f. Is r a prime number?
False
Let t be (-3 + 9